{"id":91,"date":"2015-06-23T22:06:26","date_gmt":"2015-06-23T22:06:26","guid":{"rendered":"http:\/\/www.tabicelsa.com\/?page_id=91"},"modified":"2024-01-10T15:05:56","modified_gmt":"2024-01-10T15:05:56","slug":"obras-realizadas","status":"publish","type":"page","link":"https:\/\/www.tabicelsa.com\/?page_id=91","title":{"rendered":"OBRAS REALIZADAS"},"content":{"rendered":"<p style=\"text-align: center;\"><span style=\"text-decoration: underline;\"><em><strong>CONSTRUCCIONES ALMOZARA 2000 FILIAL SLU<\/strong><\/em><\/span><\/p>\n<p style=\"text-align: center;\"><em>67 Viv. Residencial Sugar Box-Zaragoza<\/em><\/p>\n<p style=\"text-align: center;\"><em>20 Viv. Edificio Elia-Zaragoza.<br \/><\/em><\/p>\n<p style=\"text-align: center;\"><em>24 Viv. Avd. Ilustraci\u00f3n n\u00ba 17-Zaragoza.<\/em><\/p>\n<p style=\"text-align: center;\"><em>8 Unifamiliares,\u00a0V\u00eda\u00a0Hispanidad n\u00ba 73-Zaragoza.<\/em><\/p>\n<p style=\"text-align: center;\">16 Viviendas, C\/ Ventura Rodr\u00edguez, n\u00ba 49-Zaragoza.<\/p>\n<p>\u00a0 \u00a0 \u00a0 \u00a0 \u00a0 \u00a0 \u00a0 \u00a0 \u00a0 \u00a0 \u00a0 \u00a0 \u00a0 \u00a0 \u00a0 \u00a0 \u00a0 \u00a0 \u00a0 \u00a0 \u00a0 \u00a040 Viviendas, C\/ Lagos de Coronas n\u00ba 9-Zaragoza.<\/p>\n<p style=\"text-align: center;\">42 Viviendas, \u00abEDIFICIO AZUD\u00bb C\/ Ana Laguna, n\u00ba 5-Zaragoza.<\/p>\n<p style=\"text-align: center;\">\u00a0\u00a0\u00a0\u00a0\u00a0\u00a0\u00a0\u00a0\u00a0\u00a040 Viviendas \u00abEDIFICIO BAIKAL\u00bb C\/ Ib\u00f6n de Ast\u00fan, n\u00ba 6-Zaragoza.<\/p>\n<p style=\"text-align: center;\">27 Viviendas\u00bb MAR DE PLATA\u00bb Zaragoza.<\/p>\n<p style=\"text-align: center;\">20 Viv. Edificio INNITIA-Zaragoza- SISTEMA ECOSEC FACHADAS<\/p>\n<p>30 Viv. \u00abRESIDENCIAL REGNUM\u00bb. 2\u00aa Fase. Cuarte de Huerva.SISTEMA ECOSEC FACHADAS<\/p>\n<p style=\"text-align: center;\">20 Viv. \u00abEDIFICIO AERIS\u00bb ZARAGOZA-SISTEMA ECOSEC FACHADAS.<\/p>\n<p style=\"text-align: center;\">40 Viv. \u00abEDIFICIO PROTEA\u00bb ZARSAGOZA-SISTEMA ECOSEC FACHADAS.<\/p>\n<p style=\"text-align: center;\"><span style=\"text-decoration: underline;\"><em><strong>CONSTRUCCIONES LOBE, S.A.<\/strong><\/em><\/span><\/p>\n<p style=\"text-align: center;\">164 Viv. Parcela 42 Valdespartera-Zaragoza.<\/p>\n<p style=\"text-align: center;\">Residencia Juslibol-Barrio Juslibol-Zaragoza.<\/p>\n<p style=\"text-align: center;\">150 Viv. Parcela E22 Arcosur- Zaragoza.<\/p>\n<p style=\"text-align: center;\">132 Viv. Parcela C17 Arcosur- Zaragoza.<\/p>\n<p style=\"text-align: center;\">Residencia Santa Cruz Fase II-Zaragoza.<\/p>\n<p style=\"text-align: center;\"><em>63 Viviendas\u00bbPRIMALAR\u00bbParque Venecia-Zaragoza.<\/em><\/p>\n<p style=\"text-align: center;\">\u00a0\u00a072 Viviendas Parcela E-10 Arcosur Fase 2-Zaragoza.<\/p>\n<p style=\"text-align: center;\"><em>24 Viviendas P-73 Valdespartera-Zaragoza<strong>.<\/strong><\/em><\/p>\n<p style=\"text-align: center;\"><em>54 Viviendas R05 Parque Venecia Gran Canal.<\/em><\/p>\n<p style=\"text-align: center;\">63 Viviendas. E10 Fase 2.3 Fase 2 Lagos del Sur II.<\/p>\n<p>\u00a0 \u00a0 \u00a0 \u00a0 \u00a0 \u00a0 \u00a0 \u00a0 \u00a0 \u00a0 \u00a0 \u00a0 \u00a0 \u00a0 \u00a0 110 Viviendas, Complejo Residencial Platea-Parque Venecia.<\/p>\n<p style=\"text-align: center;\">26 Viviendas, \u00abSCENIA 2\u00bb Parcela 74 Valdespartera-Zaragoza.<\/p>\n<p>\u00a0\u00a0\u00a0\u00a0\u00a0\u00a0\u00a0\u00a0\u00a0\u00a0\u00a0\u00a0\u00a0\u00a0\u00a0\u00a0\u00a0\u00a0\u00a0\u00a0\u00a0\u00a0\u00a0\u00a0\u00a0\u00a0 63 Viviendas, \u00abRESIDENCIAL MINERVA\u00bb en Parque Venecia-Zaragoza. MEGABRICK<\/p>\n<p style=\"text-align: center;\">81 Viviendas \u00bb BASA DE LA MORA\u00bb Fase 1 Miralbueno -Zaragoza. MEGABRICK<\/p>\n<p style=\"text-align: center;\">66 Viviendas Residencial \u00abLAGOS DEL SUR FASE IV\u00bb Zaragoza. MEGABRICK<\/p>\n<p style=\"text-align: center;\">84 Viviendas \u00bb BASA DE LA MORA\u00bb Fase II Miralbueno -Zaragoza. MEGABRICK<\/p>\n<p style=\"text-align: center;\">50 Viviendas \u00abEDIFICIO ROSAE\u00bb Fase I- Zaragoza. MEGABRICK<\/p>\n<p style=\"text-align: center;\">61 Viviendas PASSIVHAUS \u00abMINERVA II\u00bb Parque Venecia-Zaragoza.\u00a0<\/p>\n<p style=\"text-align: center;\">65 Viviendas PASSIVHAUS Edificio BASA DE LA MORA III-Zaragoza.<\/p>\n<p style=\"text-align: center;\">137 Viviendas PASSIVHAUS Edificio V\u00cdA VERDE-Zaragoza.<\/p>\n<p><em><strong>\u00a0 \u00a0 \u00a0 \u00a0 \u00a0 \u00a0 \u00a0 \u00a0 \u00a0 \u00a0 \u00a0 \u00a0 \u00a0 \u00a0 \u00a0 \u00a0 \u00a0 \u00a0 \u00a0 \u00a0 \u00a0 \u00a0 \u00a0 \u00a0 \u00a0 \u00a0 \u00a0 \u00a0 \u00a0 \u00a0 \u00a0 \u00a0 \u00a0 <span style=\"text-decoration: underline;\">\u00a0 OBRAS ESPECIALES<\/span><\/strong><\/em><\/p>\n<p style=\"text-align: center;\">Conjunto Residencial 7 Viviendas Unifamiliares en Cuarte de Huerva-Zaragoza, MEGABRICK.<\/p>\n<p style=\"text-align: center;\">2 Viviendas Unifamiliares en la Urbanizaci\u00f3n \u00abLA FONTANA\u00bb Zaragoza. MEGABRICK.<\/p>\n<p>\u00a0 \u00a0 \u00a0 \u00a0 \u00a0 \u00a0 \u00a0 \u00a0 \u00a0 \u00a0 \u00a0 \u00a0 \u00a0 \u00a0 \u00a0 27 Viviendas \u00abRESIDENCIAL BESOL\u00bb sita C\/ Bielsa-Zaragoza. LATEROYESO.<\/p>\n<p style=\"text-align: left;\">\u00a0\u00a0\u00a0\u00a0\u00a0\u00a0\u00a0\u00a0\u00a0\u00a0\u00a0\u00a0\u00a0\u00a0\u00a0\u00a0\u00a0\u00a0\u00a0\u00a0\u00a0\u00a0\u00a0\u00a0\u00a0\u00a0\u00a0\u00a0\u00a0\u00a0\u00a0\u00a0\u00a0\u00a0 36 Viviendas \u00abEDIFICIO LA RIBERA\u00bb en Zaragoza. MEGABRICK.<\/p>\n<p>\u00a0\u00a0\u00a0\u00a0\u00a0\u00a0\u00a0\u00a0\u00a0\u00a0\u00a0\u00a0\u00a0\u00a0\u00a0\u00a0\u00a0\u00a0\u00a0\u00a0\u00a026 Viviendas \u00abEDIFICIO BESOL FASE II\u00bb C\/ Bielsa 16-18-Zaragoza. MEGABRIK.<\/p>\n<p style=\"text-align: center;\">49 Viviendas \u00abGRAN CANAL FASE III\u00bb Parque Venecia-Zaragoza. MEGABRICK-SISTEMA ECOSEC FACHADAS.<\/p>\n<p style=\"text-align: center;\">49 Viviendas \u00abGRAN CANAL FASE IV\u00bb Parque Venecia-Zaragoza. MEGABRICK-SISTEMA ECOSEC FACHADAS.<\/p>\n<p style=\"text-align: center;\">60 Viviendas\u00bb RIBERA GARDEN\u00bb Zaragoza. MEGABRICK-SISTEMA ECOSEC FACHADAS.<\/p>\n<p style=\"text-align: center;\">60 Viviendas\u00bb STELLA MARIS\u00bb-Zaragoza. SISTEMA ECOSEC FACHADAS.<\/p>\n<p style=\"text-align: center;\">98 Viviendas \u00abGRAN CANAL V-VI\u00bb Zaragoza. MEGABRICK-SISTEMA ECOSEC FACHADAS<\/p>\n<p style=\"text-align: center;\">\u00a0 31 Viviendas \u00abEDIFICIO BESOL 3\u00bb C\/ Bielsa-Zaragoza. MEGABRICK.<\/p>\n<p style=\"text-align: center;\">48 Viviendas \u00abGRAN CANAL VII\u00bb Zaragoza. MEGABRICK-SISTEMA ECOSEC FACHADAS.<\/p>\n<p style=\"text-align: center;\">36 Viv. \u00abRESIDENCIAL LOS ALAMOS\u00bb Utebo-Zaragoza. SISTEMA ECOSEC FACHADAS.<\/p>\n<p style=\"text-align: center;\">\u00a0 51 VIVIENDAS \u00abRESIDENCIAL ROSAUR\u00bb ZARAGOZA. SISTEMA ECOSEC FACHADAS.<\/p>\n<p>32 VIVIENDAS, LOCAL, GARAJES, Y TRASTEROS EN CALLE 5 DE MARZO EN ZARAGOZA-SISTEMA ECOSEC FACHADAS.<\/p>\n<p style=\"text-align: center;\"><span style=\"text-decoration: underline;\"><strong>EDICOPE OBRAS S.L<\/strong><\/span><\/p>\n<p style=\"text-align: center;\">Camino del Plano 24-Fase 2. Cuarte de Huerva-Zaragoza- SISTEMA ECOSEC FACHADAS.<\/p>\n<p>Camino del Plano 26-Fase 3. Cuarte de Huerva-Zaragoza- SISTEMA ECOSEC FACHADAS.<\/p>\n<p style=\"text-align: center;\">Camino del Plano -Fase 4. Cuarte de Huerva-Zaragoza- SISTEMA ECOSEC FACHADAS.<\/p>\n<p style=\"text-align: center;\"><span style=\"text-decoration: underline;\"><strong><span style=\"color: #000000; text-decoration: underline;\">LACIS RENTA, S.L.<\/span><\/strong><\/span><\/p>\n<p style=\"text-align: center;\">36 VIVIENDAS\u00bbEDIFICIO ATALAYA\u00bb ARCOSUR-ZARAGOZA-MEGABRICK<\/p>\n<p>\u00a0 \u00a0 \u00a0 \u00a0 \u00a0 \u00a0 \u00a0 \u00a0 \u00a0 \u00a0 \u00a0 \u00a0 \u00a0 \u00a0 \u00a0 \u00a0 \u00a0 \u00a0 \u00a0 \u00a0 \u00a0 \u00a0 \u00a0 \u00a0 \u00a0 \u00a0 \u00a0 \u00a0 \u00a0 \u00a0 \u00a0 \u00a0 \u00a0 \u00a0 \u00a0 <span style=\"text-decoration: underline;\"><strong>COPHA S.L.U<\/strong><\/span><\/p>\n<p style=\"text-align: center;\">106 VIV. AVDA. TENOR FLETA-ZARAGOZA-SISTEMA ECOSEC\u00a0FACHADAS.<\/p>\n<p style=\"text-align: center;\"><span style=\"text-decoration: underline;\"><strong>Estructuras y Contratas en Trabajos Industriales, S.L.,<\/strong><\/span><\/p>\n<p style=\"text-align: center;\">\u201c20 VIVIENDAS EN AVDA. SANTA ISABEL 12-14 DE ZARAGOZA\u201d SISTEMA ECOSEC FACHADAS.<\/p>\n<p style=\"text-align: center;\"><span style=\"text-decoration: underline;\"><strong>PERIBA\u00d1EZ HERRERO S.L.<\/strong><\/span><\/p>\n<p style=\"text-align: center;\">EJECUCI\u00d3N DE 30 VIVIENDAS \u00abEDIFICIO SOL\u00bb EN CALLE ITALIA 13-TERUEL. MEGABRICK-SISTEMA ECOSEC FACHADAS.<\/p>\n<p style=\"text-align: center;\"><span style=\"text-decoration: underline;\"><strong>COANFI, S.L.U<\/strong><\/span><\/p>\n<p style=\"text-align: center;\">38 Viv. Unifamiliares Miralbueno-Zaragoza- SISTEMA ECOSEC FACHADA<\/p>\n<p style=\"text-align: center;\">48 Viv. \u00abPUERTA MADRID FASE II\u00bb- Zaragoza. MEGABRICK-SISTEMA ECOSEC FACHADAS.<\/p>\n<p style=\"text-align: center;\">112 VIVIENDAS\u00bbRESIDENCIAL AMADEUS\u00bb ARCOSUR-ZARAGOZA. MEGABRICK-SISTEMA ECOSEC FACHADAS.<\/p>\n<p style=\"text-align: center;\">111 VIVIENDAS\u00bbRESIDENCIAL ACERIA\u00bb ZARAGOZA. MEGABRICK-SISTEMA ECOSEC FACHADAS.<\/p>\n<p style=\"text-align: center;\"><span style=\"text-decoration: underline;\"><strong>VALSANIA, S.L.<\/strong><\/span><\/p>\n<p style=\"text-align: center;\">7 Viv. C\/ Granada 29-Zaragoza. MEGABRICK-SISTEMA ECOSEC FACHADAS.<\/p>\n<p style=\"text-align: center;\"><span style=\"text-decoration: underline;\"><strong>CONSTRUCCIONES COANSE, S.L.<\/strong><\/span><\/p>\n<p style=\"text-align: center;\">4 UNIFAMILIARES PAREADAS\u00bbRINCONES DEL HUERVA FASE 3&#8243;. MEGABRICK-SISTEMA ECOSEC FACHADAS.<\/p>\n<p style=\"text-align: center;\">4 UNIFAMILIARES PAREADAS\u00bbRINCONES DEL HUERVA FASE 4&#8243;. MEGABRICK-SISTEMA ECOSEC FACHADAS.<\/p>\n<p style=\"text-align: center;\">4 UNIFAMILIARES PAREADAS\u00bbRINCONES DEL HUERVA FASE 5&#8243; MEGABRICK-SISTEMA ECOSEC FACHADAS.<\/p>\n<p style=\"text-align: center;\"><span style=\"text-decoration: underline;\"><strong>GRUPO LOS SITIOS INFRAESTRUCTURAS, S.L.U.<\/strong><\/span><\/p>\n<p style=\"text-align: center;\">38 VIVIENDAS \u00abRESIDENCIAL GARDEA\u00bb Zaragoza. SISTEMA ECOSEC FACHADAS<\/p>\n<p style=\"text-align: center;\"><span style=\"text-decoration: underline;\"><strong>EIGO, S.L<\/strong><\/span><\/p>\n<p style=\"text-align: center;\">19 VIV. UNIFAMILIARES CUARTE DE HUERVA- ZARAGOZA-SISTEMA ECOSEC FACHADAS<\/p>\n<p style=\"text-align: center; padding-left: 30px;\"><strong><span style=\"text-decoration: underline;\">BERNA, OBRAS Y PROYECTOS, S.L.<\/span><\/strong><\/p>\n<p style=\"text-align: center; padding-left: 30px;\"><em>Vivienda Unifamiliar \u00abEL ZORONGO\u00bb Zaragoza.<\/em><\/p>\n<p style=\"text-align: center;\">12 Viviendas en Camino del Plano, 10 Cuarte de Huerva-Zaragoza<\/p>\n<p style=\"text-align: center;\">8 Unifamiliares Cuarte de Huerva-Zaragoza<\/p>\n<p style=\"text-align: center;\">4 Unifamiliares Cuarte de Huerva-Zaragoza<\/p>\n<p style=\"text-align: center;\">14 Viviendas C\/ Muel, N\u00ba 5-Zaragoza.<\/p>\n<p style=\"text-align: center;\">19 Viviendas C\/ Levante-Zaragoza.<\/p>\n<p style=\"text-align: center;\">10 Viviendas Unifamiliares\u00bb VEGA LUCHAN\u00bb Ejea de los Caballeros.<\/p>\n<p style=\"text-align: center;\">42 Viviendas VILLAMIRAL II-Zaragoza.<\/p>\n<p style=\"text-align: center;\">33 Vivienda COLEGIATA DE BOLEA-Zaragoza.<\/p>\n<p style=\"text-align: center;\"><em><strong> <span style=\"text-decoration: underline;\">CONSTRUCCIONES ACR, S.A.<\/span><\/strong><\/em><\/p>\n<p><em><strong>\u00a0 \u00a0 \u00a0 \u00a0 \u00a0 \u00a0 \u00a0 \u00a0 \u00a0 \u00a0 \u00a0 \u00a0 \u00a0 \u00a0 \u00a0 \u00a0 \u00a0 \u00a0 \u00a0 \u00a0 \u00a0 \u00a0 \u00a0 \u00a0 \u00a0 \u00a0 \u00a0 \u00a0 \u00a0<\/strong> 27 Viv. Torre del Agua-Zaragoza.<\/em><\/p>\n<p style=\"text-align: center;\">61 Viviendas \u00abEDIFICIO DUCAL\u00bb Zaragoza.<\/p>\n<p style=\"text-align: center;\">20 Viviendas Miralbueno \u00abLibra\u00bb Zaragoza<\/p>\n<p style=\"text-align: center;\"><span style=\"text-decoration: underline;\"><em><strong>CIA.ARAGONESA DE OBRAS Y CONSTRUCCIONES URBANAS, S.L.<\/strong><\/em><\/span><\/p>\n<p style=\"text-align: center;\"><em>50 Viv. Parcela RU8.Rosales del Canal-Zaragoza.<\/em><\/p>\n<p style=\"text-align: center;\"><em>50 Viv. Parcela RU12.Rosales del Canal-Zaragoza.<\/em><\/p>\n<p style=\"text-align: center;\"><em>117 Viv. Parcela P-1(API 23-0.1) Huesca.<\/em><\/p>\n<p style=\"text-align: center;\"><em>30 Viv. Parcela 19.2-Zaragoza.<\/em><\/p>\n<p style=\"text-align: center;\"><em>24 Viv. C\/ Santa Gema, n\u00ba 17-Zaragoza.<\/em><\/p>\n<p style=\"text-align: center;\"><em>16 Viviendas \u00abEDIFICIO TOSOS\u00bb Camino del Vado 42-Zaragoza.<\/em><\/p>\n<p style=\"text-align: center;\">39 Viviendas.\u00bbRESIDENCIAL AVENIDA\u00bb-Huesca.<\/p>\n<p style=\"text-align: center; padding-left: 30px;\"><span style=\"text-decoration: underline;\"><strong>AVINTIA PROYECTOS Y CONSTRUCCIONES, S.L.<\/strong><\/span><\/p>\n<p style=\"text-align: center; padding-left: 30px;\"><em>105 Viviendas \u00abNEYDOSA\u00bb Zaragoza.<\/em><\/p>\n<p style=\"text-align: center;\">\u00a0\u00a0\u00a0\u00a0\u00a0\u00a0\u00a0\u00a0\u00a0\u00a0\u00a0\u00a090 Viviendas \u00abEDIFICIO S\u00dcBE\u00bb Zaragoza.<\/p>\n<p style=\"text-align: center;\"><span style=\"text-decoration: underline;\"><strong>GRUPO CONSTRUCTOR MARIANO L\u00d3PEZ NAVARRO, S.A.U.<\/strong><\/span><\/p>\n<p style=\"text-align: center;\">Colegio La Pur\u00edsima y San Antonio<\/p>\n<p style=\"text-align: center;\">72 Viviendas \u00abRESIDENCIAL TEMPO\u00bb\u00a0 Sistema ECOSEC<\/p>\n<p style=\"text-align: center;\"><span style=\"text-decoration: underline;\"><strong>EJECUCI\u00d3N DE PROYECTOS CONSTRUCTIVOS S.L.<\/strong><\/span><\/p>\n<p style=\"text-align: center;\">Acondicionamiento Local-C\/Andr\u00e9s Piquer 6. Zaragoza.<\/p>\n<p style=\"text-align: center;\">52 Viv. C\/ Franco y L\u00f3pez 18-20 Zaragoza -SISTEMA ECOSEC FACHADAS<\/p>\n<p><em><strong>\u00a0 \u00a0 \u00a0 \u00a0 \u00a0 \u00a0 \u00a0 \u00a0 \u00a0 \u00a0 \u00a0 \u00a0 \u00a0 \u00a0 \u00a0 \u00a0 \u00a0 \u00a0 \u00a0 \u00a0 \u00a0 \u00a0 \u00a0 \u00a0 \u00a0 \u00a0 \u00a0 \u00a0 \u00a0<span style=\"text-decoration: underline;\">TERRALIA CONSTRUCCIONES S.L.<\/span><\/strong><\/em><\/p>\n<p><em><strong>\u00a0 \u00a0 \u00a0 \u00a0 \u00a0 \u00a0 \u00a0 \u00a0 \u00a0 \u00a0 \u00a0 \u00a0 \u00a0 \u00a0 \u00a0 \u00a0 \u00a0 \u00a0 \u00a0 \u00a0 \u00a0 \u00a0 \u00a0 \u00a0<\/strong>108 Viv. Residencial Miguel Servet-Zaragoza<\/em><\/p>\n<p style=\"text-align: center;\">36 Viv. Edificio Residencial Avd. Ces\u00e1reo Alierta n\u00ba 88-Zaragoza<\/p>\n<p style=\"text-align: center;\"><strong>\u00a0 \u00a0 \u00a0<span style=\"text-decoration: underline;\">ACSA OBRAS E INFRAESTRUCTURAS, S.A.U.<\/span><\/strong><\/p>\n<p style=\"text-align: center;\">37 Viviendas \u00abEDIFICIO SKYLINE\u00bb Pz. Europa-Zaragoza.<\/p>\n<p style=\"text-align: center; padding-left: 30px;\"><strong><em><span style=\"text-decoration: underline;\">GARUBE OBRAS Y SERVICIOS, S.A.<\/span><\/em><\/strong><\/p>\n<p style=\"text-align: center; padding-left: 30px;\">Reforma Edificio Hidalgo de Cisneros Ala Norte. Academia Militar de Zaragoza.<\/p>\n<p style=\"text-align: center;\"><strong><span style=\"text-decoration: underline;\">IZMAR PROYECTOS INMOBILIARIOS S.L.<\/span><\/strong><\/p>\n<p style=\"text-align: center;\">6 Viv. Unifamiliares Pareadas. Cuarte de Huerva.<\/p>\n<p style=\"text-align: center; padding-left: 30px;\"><strong><em><span style=\"text-decoration: underline;\">URBANCO CONSTRUCCIONES, S.L.<\/span><\/em><\/strong><\/p>\n<p style=\"text-align: center; padding-left: 30px;\">5 Viviendas Unifamiliares Avd. Ilustraci\u00f3n n\u00ba 3, Parcelas 48, 49,50 y 51 de la Urbanizaci\u00f3n Montecanal-Zaragoza.<\/p>\n<p style=\"text-align: center; padding-left: 30px;\"><span style=\"text-decoration: underline;\"><em><strong>GARNASA, S.A.<\/strong><\/em><\/span><\/p>\n<p style=\"text-align: center;\"><em>40 Viv.en Via Hispanidad. Sector 56.1-Zaragoza.<\/em><\/p>\n<p style=\"text-align: center;\"><span style=\"text-decoration: underline;\"><em><strong>PROMOCIONES NICUESA, S.A.<\/strong><\/em><\/span><\/p>\n<p style=\"text-align: center;\"><em>18 Viv.Llano Samper en Jaca-Huesca.<\/em><\/p>\n<p style=\"text-align: center;\"><em>28 Viv. Avenida de la Estaci\u00f3n en Tarazona.<\/em><\/p>\n<p style=\"text-align: center;\"><em>84 Viv. C\/ Las Chimeneas-Zaragoza.<\/em><\/p>\n<p style=\"text-align: center;\"><em>63 Viv.+12 Unifaminliares en Valdespartera-Zaragoza.<\/em><\/p>\n<p style=\"text-align: center;\">\u00a0 \u00a0 60 Viviendas \u00abDA VINCI\u00bb Fase 2. Parque Venecia-Zaragoza.<br \/><em><strong>\u00a0\u00a0 \u00a0 <\/strong><\/em><\/p>\n<p style=\"text-align: center;\"><span style=\"text-decoration: underline;\"><em><strong>HERNANDO SALANOVA, S.L.<\/strong><\/em><\/span><\/p>\n<p style=\"text-align: center;\"><em>23 Viv. Avd. Santa Isabel- Zaragoza.<\/em><\/p>\n<p style=\"text-align: center;\"><em>164 Viv.Parcela 29 en Valdespartera-Zaragoza.<\/em><\/p>\n<p style=\"text-align: center;\"><em>42 Viv. en Villanueva de Gallego-Zaragoza.<\/em><\/p>\n<p style=\"text-align: center;\"><em>74 Viv.C\/ San Alberto Magno-Zaragoza.<\/em><\/p>\n<p style=\"text-align: center;\"><em>95 Viv. Parcela 7, API 23-01-Huesca.<\/em><\/p>\n<p style=\"text-align: center;\"><span style=\"text-decoration: underline;\"><em><strong>NORTE\u00d1A DE CONSTRUCCIONES,S.A.<\/strong><\/em><\/span><\/p>\n<p style=\"text-align: center;\"><em>156 Viv. Parcela 53 Valdespartera-Zaragoza.<\/em><\/p>\n<p style=\"text-align: center;\"><em>156 Viv. Parcela 49 Valdespartera-Zaragoza.<\/em><\/p>\n<p style=\"text-align: center;\"><em>98 Viv. Parcela 66 Valdespartera -Zaragoza.<\/em><\/p>\n<p style=\"text-align: center;\"><em>81 Viv. C\/ Moncayo 7-9 La Muela-Zaragoza.<\/em><\/p>\n<p style=\"text-align: center;\"><em>46 Viv. M\u00e9ndez N\u00fa\u00f1ez en Alag\u00f3n-Zaragoza.<\/em><\/p>\n<p style=\"text-align: center;\"><em>51 Viv. Unif. Manzana R3 UE14 Maria de Huerva-Zaragoza.<\/em><\/p>\n<p style=\"text-align: center;\"><em>24 Viv. Unif. Manzana R5 Maria de Huerva-Zaragoza.<\/em><\/p>\n<p style=\"text-align: center;\"><em>16 Viv. Valle Zuriza 10-Zaragoza.<\/em><\/p>\n<p style=\"text-align: center;\"><span style=\"text-decoration: underline;\"><em><strong>MEGARIA C&amp;S CONSTRUCCIONES, S.L.<\/strong><\/em><\/span><\/p>\n<p style=\"text-align: center;\"><em>72 Viv. Parcela C-22 Arcosur (Zaragoza) <\/em><\/p>\n<p style=\"text-align: center;\"><em>36 Viv. Parcela C-12 Arcosur (Zaragoza) <\/em><\/p>\n<p style=\"text-align: center;\"><em>10 VIV. Unifamiliares-Huesca.<\/em><\/p>\n<p style=\"text-align: center;\"><em>Vivienda Unifamiliar en San Mateo de Gallego.<\/em><\/p>\n<p style=\"text-align: center;\"><em>Laboratorio de \u00abCERTEST\u00bb en San Mateo de Gallego.<\/em><\/p>\n<p style=\"text-align: center;\"><em>20 VIV. Unifamiliares Gavin-Huesca.<\/em><\/p>\n<p style=\"text-align: center;\"><span style=\"text-decoration: underline;\"><em><strong>TEMPO CONSTRUCCIONES, S.L.<\/strong><\/em><\/span><\/p>\n<p style=\"text-align: center;\"><em>16 Viviviendas, Los Madro\u00f1os-Utebo <\/em><\/p>\n<p style=\"text-align: center;\"><span style=\"text-decoration: underline;\"><em><strong>ENOBRA, S.L.<\/strong><\/em><\/span><\/p>\n<p style=\"text-align: center;\"><em>28 viv.Lasierra Purroy-Zaragoza<\/em><\/p>\n<p>\u00a0 \u00a0 \u00a0 \u00a0 \u00a0 \u00a0 \u00a0 \u00a0 \u00a0 \u00a0 \u00a0 \u00a0 \u00a0 \u00a0 \u00a0 \u00a0 \u00a0 \u00a0 \u00a0 \u00a0 \u00a0 \u00a0 \u00a0 \u00a0 \u00a0 \u00a0 \u00a0\u00a0<em><strong><span style=\"text-decoration: underline;\"><span style=\"color: #000000; text-decoration: underline;\">SEC INNOVACI\u00d3N CONSTRUCTIVA, S.L.<\/span><\/span><\/strong><\/em><\/p>\n<p style=\"text-align: center;\">\u00a0 \u00a0 \u00a0 \u00a0 \u00a0 \u00a0 \u00a0 \u00a0 \u00a0RESIDENCIA en Avd. Ranillas-Zaragoza.<\/p>\n\n\n<p class=\"has-text-align-center\">                            Residencia para Mayores GERELIA HOME S.L.- Zaragoza.<\/p>\n\n\n\n<p class=\"has-text-align-center\">             <em><strong><span style=\"text-decoration: underline;\">CONSTRUCCIONES ZHT, S.A.<\/span><\/strong><\/em><\/p>\n\n\n\n<p class=\"has-text-align-center\"><em>170 Viv. Parcela E-23 Arcosur (Zaragoza)<\/em><\/p>\n\n\n\n<p class=\"has-text-align-center\">34+36 Viviendas sita Paseo de La Ribera-Zaragoza.<\/p>\n\n\n\n<p class=\"has-text-align-center\">68 Viviendas \u00abPUERTA MADRID\u00bb Fase I Zaragoza.<\/p>\n\n\n\n<p class=\"has-text-align-center\">Edificio 24 Viviendas \u00abAGUAS VIVAS\u00bb Zaragoza.<\/p>\n","protected":false},"excerpt":{"rendered":"<p>CONSTRUCCIONES ALMOZARA 2000 FILIAL SLU 67 Viv. Residencial Sugar Box-Zaragoza 20 Viv. Edificio Elia-Zaragoza. 24 Viv. Avd. Ilustraci\u00f3n n\u00ba 17-Zaragoza. 8 Unifamiliares,\u00a0V\u00eda\u00a0Hispanidad n\u00ba 73-Zaragoza. 16 Viviendas, C\/ Ventura Rodr\u00edguez, n\u00ba 49-Zaragoza. \u00a0 \u00a0 \u00a0 \u00a0 \u00a0 \u00a0 \u00a0 \u00a0 \u00a0 \u00a0 \u00a0 \u00a0 \u00a0 \u00a0 \u00a0 \u00a0 \u00a0 \u00a0 \u00a0 \u00a0 \u00a0 \u00a040 Viviendas, C\/ [&hellip;]<\/p>\n","protected":false},"author":1,"featured_media":0,"parent":38,"menu_order":5,"comment_status":"closed","ping_status":"closed","template":"","meta":{"footnotes":""},"jetpack_sharing_enabled":true,"jetpack_shortlink":"https:\/\/wp.me\/P6nIwr-1t","_links":{"self":[{"href":"https:\/\/www.tabicelsa.com\/index.php?rest_route=\/wp\/v2\/pages\/91"}],"collection":[{"href":"https:\/\/www.tabicelsa.com\/index.php?rest_route=\/wp\/v2\/pages"}],"about":[{"href":"https:\/\/www.tabicelsa.com\/index.php?rest_route=\/wp\/v2\/types\/page"}],"author":[{"embeddable":true,"href":"https:\/\/www.tabicelsa.com\/index.php?rest_route=\/wp\/v2\/users\/1"}],"replies":[{"embeddable":true,"href":"https:\/\/www.tabicelsa.com\/index.php?rest_route=%2Fwp%2Fv2%2Fcomments&post=91"}],"version-history":[{"count":112,"href":"https:\/\/www.tabicelsa.com\/index.php?rest_route=\/wp\/v2\/pages\/91\/revisions"}],"predecessor-version":[{"id":1194,"href":"https:\/\/www.tabicelsa.com\/index.php?rest_route=\/wp\/v2\/pages\/91\/revisions\/1194"}],"up":[{"embeddable":true,"href":"https:\/\/www.tabicelsa.com\/index.php?rest_route=\/wp\/v2\/pages\/38"}],"wp:attachment":[{"href":"https:\/\/www.tabicelsa.com\/index.php?rest_route=%2Fwp%2Fv2%2Fmedia&parent=91"}],"curies":[{"name":"wp","href":"https:\/\/api.w.org\/{rel}","templated":true}]}}